{"id":10,"date":"2020-04-17T09:43:11","date_gmt":"2020-04-17T09:43:11","guid":{"rendered":"http:\/\/ksc-eventtechnik.de\/?page_id=10"},"modified":"2023-03-22T07:27:11","modified_gmt":"2023-03-22T07:27:11","slug":"home-page","status":"publish","type":"page","link":"https:\/\/ksc-eventtechnik.de\/","title":{"rendered":"Startseite"},"content":{"rendered":"\n<h2 class=\"wp-block-heading\">Herzlich Willkommen<\/h2>\n\n\n\n<p> Derzeit \u00fcberarbeiten wir unseren Internetauftritt komplett.<\/p>\n\n\n\n<p><\/p>\n\n\n\n<p>Wenn Sie Kontakt mit uns aufnehmen wollen, k\u00f6nnen Sie dies \u00fcber das Kontaktformular auf der Seite Kontakt tun.<\/p>\n\n\n\n<figure class=\"wp-block-image size-full is-resized\"><img loading=\"lazy\" decoding=\"async\" src=\"http:\/\/ksc-eventtechnik.de\/wp-content\/uploads\/2020\/04\/cropped-KSC-Final-Red-Black-1_1-1.png\" alt=\"\" class=\"wp-image-20\" width=\"405\" height=\"144\" srcset=\"https:\/\/ksc-eventtechnik.de\/wp-content\/uploads\/2020\/04\/cropped-KSC-Final-Red-Black-1_1-1.png 810w, https:\/\/ksc-eventtechnik.de\/wp-content\/uploads\/2020\/04\/cropped-KSC-Final-Red-Black-1_1-1-300x107.png 300w, https:\/\/ksc-eventtechnik.de\/wp-content\/uploads\/2020\/04\/cropped-KSC-Final-Red-Black-1_1-1-768x273.png 768w\" sizes=\"auto, (max-width: 405px) 100vw, 405px\" \/><\/figure>\n\n\n\n<p><\/p>\n","protected":false},"excerpt":{"rendered":"<p>Herzlich Willkommen Derzeit \u00fcberarbeiten wir unseren Internetauftritt komplett. Wenn Sie Kontakt mit uns aufnehmen wollen, k\u00f6nnen Sie dies \u00fcber das Kontaktformular auf der Seite Kontakt tun.<\/p>\n","protected":false},"author":2,"featured_media":0,"parent":0,"menu_order":0,"comment_status":"closed","ping_status":"closed","template":"","meta":{"footnotes":""},"class_list":["post-10","page","type-page","status-publish","hentry"],"_links":{"self":[{"href":"https:\/\/ksc-eventtechnik.de\/index.php?rest_route=\/wp\/v2\/pages\/10","targetHints":{"allow":["GET"]}}],"collection":[{"href":"https:\/\/ksc-eventtechnik.de\/index.php?rest_route=\/wp\/v2\/pages"}],"about":[{"href":"https:\/\/ksc-eventtechnik.de\/index.php?rest_route=\/wp\/v2\/types\/page"}],"author":[{"embeddable":true,"href":"https:\/\/ksc-eventtechnik.de\/index.php?rest_route=\/wp\/v2\/users\/2"}],"replies":[{"embeddable":true,"href":"https:\/\/ksc-eventtechnik.de\/index.php?rest_route=%2Fwp%2Fv2%2Fcomments&post=10"}],"version-history":[{"count":7,"href":"https:\/\/ksc-eventtechnik.de\/index.php?rest_route=\/wp\/v2\/pages\/10\/revisions"}],"predecessor-version":[{"id":175,"href":"https:\/\/ksc-eventtechnik.de\/index.php?rest_route=\/wp\/v2\/pages\/10\/revisions\/175"}],"wp:attachment":[{"href":"https:\/\/ksc-eventtechnik.de\/index.php?rest_route=%2Fwp%2Fv2%2Fmedia&parent=10"}],"curies":[{"name":"wp","href":"https:\/\/api.w.org\/{rel}","templated":true}]}}